of o and 104?
26
Suppose 0 = -3*d + 12, 6*y - d = 2*y + 1112. What is the greatest common divisor of 9 and y?
9
Suppose 4*g + 3*y = 6*y + 311, 2*g = 4*y + 168. Let p = g - 44. Suppose -t + 2*f = -6*t + 50, -2*t + 4*f = -20. What is the greatest common factor of p and t?
10
Suppose -5*d - 243 = -718. Suppose 0*z - 2*z = -38. What is the greatest common divisor of z and d?
19
Let o be 22/4 + 1/(-2). Let z = -10 + 19. Let g(p) = 3*p - 2. Let a be g(z). What is the greatest common factor of o and a?
5
Let s = -19 - -18. Let w be (-1 + 0 + -2)/s. Calculate the greatest common factor of w and 27.
3
Let w = -24 - -43. Suppose -3*n + w = l - 0, -4*n + 16 = -l. What is the highest common factor of l and 20?
4
Let p(q) = -7*q**2 - q - 1. Suppose -2*i - 5*y = 23, 2*y - 11 = 5*i - y. Let g be p(i). Let m = -73 - g. Calculate the greatest common factor of 9 and m.
9
Suppose -g - 2*g + 18 = -3*m, 0 = -2*g - 4*m. Suppose 5 = 5*u, g*i + 6*u - u - 109 = 0. What is the greatest common factor of i and 13?
13
Let h = -68 + 123. Calculate the highest common divisor of 22 and h.
11
Let u be 270/450 - (1 - (-84)/(-10)). Calculate the highest common factor of 72 and u.
8
Let a(w) = 3*w - 4. Let y be a(3). Suppose 0 = -y*s + 52 + 53. Let t be 2/6 + (-40)/(-6). What is the highest common divisor of t and s?
7
Let m = -13 + 67. Calculate the greatest common divisor of 6 and m.
6
Suppose -5*r + 0*r = -70. Suppose r = -k + 33. Calculate the greatest common divisor of 209 and k.
19
Suppose -1512 = -68*m + 59*m. What is the highest common factor of m and 24?
24
Let z(a) = 24*a**3 + a**2 - 1. Let k be z(1). Calculate the greatest common factor of k and 3.
3
Let f be ((-9)/12)/(4/(-64)) - 0. Calculate the greatest common factor of f and 18.
6
Let a(z) = 5*z**2 - 7*z + 6. Let u be a(6). Suppose 0 = 3*s - 5*j - 58, -4*j - 90 = -5*s + j. Calculate the highest common divisor of s and u.
16
Let c = 0 - 1. Let v be -1 + (-4)/1*c. Suppose 6 = -v*j, -2*f + 18 = -j - 0*j. Calculate the highest common divisor of f and 72.
8
Suppose 4*b = 5*b + i + 8, -4*b - 3*i = 29. Let w be (-15)/b - (-1 - -1). Suppose -w*u + 65 = -1. Calculate the greatest common divisor of u and 11.
11
Let p = 16 + -12. Suppose 0*q + 108 = p*q. Calculate the greatest common divisor of q and 9.
9
Let m = 3 + 1. Suppose 2*u = -2*b + 64, -m*u + 128 = -0*u - b. What is the highest common factor of u and 8?
8
Let z(q) = 2*q**2 + 2*q - 5. Let g(n) = 2*n**2 + 2*n - 4. Let l(u) = 3*g(u) - 2*z(u). Let h be l(-2). Calculate the greatest common divisor of h and 22.
2
Let s = -40 - -44. What is the highest common divisor of s and 36?
4
Let w be (55/(-4))/((-4)/(-16)). Let d be (-6)/(-3)*w/(-2). Let p(a) = -2*a**2 + 14*a - 7. Let x be p(6). Calculate the greatest common factor of d and x.
5
Let h(s) = -s**3 - 5*s**2 + s - 9. Let i be h(-6). What is the highest common divisor of i and 6?
3
Let w = -140 - -204. Suppose 5*c - 34 = -2*u, -5*c + 37 + 15 = -4*u. Calculate the highest common divisor of c and w.
8
Suppose 4*z + 13 = -151. Let l = z - -21. Let k be ((-8)/l)/(2/10). Calculate the highest common divisor of k and 22.
2
Let w(o) = 8*o**2 + 4*o - 14. Let f be w(4). Calculate the greatest common factor of f and 52.
26
Let i be (-56)/42*3*-10. What is the greatest common divisor of 20 and i?
20
Suppose 0*f - 86 = -4*c - 5*f, -3*c = 3*f - 63. Suppose 3*i + 3*d = 48, -i + 3*d + 14 + 14 = 0. What is the highest common divisor of c and i?
19
Let f be 11 - ((1 - 2) + 2). What is the greatest common factor of f and 40?
10
Suppose 28*u + 54 = 31*u. What is the greatest common divisor of u and 18?
18
Let y = -46 - -64. What is the highest common factor of 2 and y?
2
Let y(m) = -m**2 + 8*m + 6. Let p be y(8). Let v be ((-3)/(-9))/(2/p). What is the greatest common factor of v and 9?
1
Let j(a) = a**2 - 8*a - 5. Let v be -7 + (1 - (1 + -2)). Let c be j(v). Let l(x) = -3*x - 9. Let k be l(-7). What is the highest common divisor of c and k?
12
Let c be (4 - 22)*(14/6 - 3). Suppose -2*j - 5*g - 21 = 0, 2*g + 3 = 5*j + 12. Let w be ((-5)/j)/((-2)/(-72)). Calculate the greatest common factor of c and w.
12
Suppose z + 2*z = 0. Let j = 4 + z. Let o be 3*(-3)/((-9)/4). Calculate the highest common divisor of j and o.
4
Let s = -71 - -115. Let o = 106 - 95. Calculate the highest common factor of o and s.
11
Suppose -2*k - 60 = -4*p, -p - 7*k + 4*k = -8. Suppose 2*f - 43 = 97. What is the highest common factor of f and p?
14
Let w(d) = d + 17. Let c be w(-12). Suppose -c = j - 15. Calculate the greatest common divisor of j and 2.
2
Let v be (-9)/(-3) + 0 - 2. What is the highest common divisor of 2 and v?
1
Suppose -3*o + o + 42 = 0. Suppose 7 = 4*s - 49. What is the greatest common divisor of o and s?
7
Suppose -55 = -5*q - 6*q. What is the greatest common divisor of q and 5?
5
Suppose u + 2*l - 10 = 0, -u = -4*u - 5*l + 30. Calculate the greatest common divisor of u and 20.
10
Let q = 100 - 70. Suppose 5*h = -3*m + 66, -2*m + 61 = 3*h + 22. Let s be (-2)/(-4)*2*h. What is the highest common factor of s and q?
15
Suppose -11 = 4*n - 43. Let h be 6/n*4 - -41. Let w = 16 - 5. What is the greatest common factor of w and h?
11
Let y be (-2)/((-105)/51 + 2). What is the highest common divisor of 374 and y?
34
Let b(z) = -z**3 - 5*z**2 + 4*z + 2. Let l(h) = 6*h. Let n be l(-1). Let w be b(n). Suppose 3*g = 9 - 3. Calculate the highest common factor of g and w.
2
Suppose -3*p = -m - 316, 0 = -2*p - 0*m + m + 211. What is the greatest common factor of 15 and p?
15
Let g(l) = l**3 - 3*l**2 - 3*l + 1. Let y be g(4). Let s be 7/((-105)/(-25))*21. Calculate the highest common divisor of s and y.
5
Let c(u) = u + 7. Let p be c(-6). Let v = 3 + -1. Let q = v - 0. What is the greatest common factor of q and p?
1
Let q(g) = -g - 4 + 2*g + 14 + 0*g. Let f be q(10). What is the highest common divisor of f and 50?
10
Let z = 8 - 1. Let n be 1/(-4) + (-506)/(-8). What is the highest common factor of z and n?
7
Suppose -i = -6 - 9. Suppose -3*f - 103 = 4*o, -o + 26 = -2*o - f. Let v be o/1*1*-3. Calculate the greatest common factor of i and v.
15
Suppose 2*g - 4 = 2. Calculate the greatest common factor of g and 3.
3
Let i = -12 + 14. Suppose -h - 75 = -i*k, 132 = 3*k + 2*h + 3*h. Calculate the highest common divisor of k and 13.
13
Let i be (1/3)/((-1)/(-12)). Let u be ((-72)/20)/(i/(-10)). Calculate the greatest common factor of 63 and u.
9
Suppose i = -c + 109, 5*i - c - 272 = 243. What is the highest common divisor of 13 and i?
13
Suppose 36 = 7*i + 8. Suppose -1 = -3*u + 11. Suppose -u*h + n = 2*n - 67, -5*h = -2*n - 74. What is the highest common factor of h and i?
4
Let j(i) = 3*i**2 - 3*i**2 - 26 + 19 + i**2. Let c be j(-5). What is the greatest common divisor of 144 and c?
18
Let n = 3 - -4. What is the greatest common factor of 35 and n?
7
Suppose 3*f - 130 = 2*f. Suppose 2*j - 7*p + f = -2*p, 4*p = -4*j - 288. Let o = -4 - j. What is the highest common factor of 6 and o?
6
Let m = -699 + 987. Calculate the greatest common factor of m and 32.
32
Let a be (220/8)/(((-1)/(-10))/1). Calculate the greatest common divisor of 25 and a.
25
Let z = -138 + 148. Calculate the highest common factor of z and 35.
5
Let r(o) = o + 22. Let m be r(22). What is the greatest common factor of m and 55?
11
Let c be (-3 - -10) + (-1 - -1). Let j = 121 + -86. What is the highest common factor of c and j?
7
Let d(p) be the third derivative of -p**6/120 - 7*p**5/60 - 5*p**4/24 + 5*p**3/6 + 3*p**2. Let z be d(-7). Calculate the greatest common factor of 5 and z.
5
Suppose 0*v - 3*v + 6 = 0. What is the greatest common factor of 3 and v?
1
Let z(c) = 2*c**2 + 11*c + 10. Let q be z(-7). Suppose -3*b - 14 = q. Let f be b/6*-16*1. Calculate the highest common divisor of f and 16.
8
Let d = 43 - 19. What is the highest common factor of d and 6?
6
Let t(r) = -r**3 + 4*r**2 + 4. Let m be t(3). Suppose -3*v + m = 1. What is the highest common divisor of v and 28?
4
Suppose -8 = -4*v, 5*z - 4 = -2*v + 25. Suppose -2*i + 8 = -6*i, 0 = 3*u - z*i - 88. Calculate the highest common divisor of 13 and u.
13
Let u(n) = -7*n**3 + 2 + 6*n**2 - 1 + 2*n - 3*n**2. Let q = -3 + 1. Let j be u(q). What is the highest common factor of j and 13?
13
Let h(o) = -o**2 + 28*o - 54. Let x be h(24). Calcul